51?
5
What is the units digit of 94?
4
What is the tens digit of 3301?
0
What is the units digit of 8754?
4
What is the tens digit of 19184?
8
What is the ten thousands digit of 28905?
2
What is the ten thousands digit of 44456?
4
What is the hundreds digit of 79205?
2
What is the units digit of 80535?
5
What is the tens digit of 917?
1
What is the hundreds digit of 8681?
6
What is the hundreds digit of 4700?
7
What is the hundreds digit of 881?
8
What is the thousands digit of 95735?
5
What is the ten thousands digit of 53363?
5
What is the units digit of 17870?
0
What is the thousands digit of 4692?
4
What is the units digit of 99529?
9
What is the tens digit of 931?
3
What is the hundreds digit of 41638?
6
What is the thousands digit of 5685?
5
What is the units digit of 323?
3
What is the ten thousands digit of 84657?
8
What is the units digit of 2198?
8
What is the units digit of 1132?
2
What is the ten thousands digit of 12463?
1
What is the hundreds digit of 925?
9
What is the units digit of 1935?
5
What is the ten thousands digit of 14381?
1
What is the tens digit of 18358?
5
What is the units digit of 2296?
6
What is the units digit of 1510?
0
What is the ten thousands digit of 37389?
3
What is the hundreds digit of 1855?
8
What is the thousands digit of 2274?
2
What is the units digit of 110387?
7
What is the hundreds digit of 3832?
8
What is the hundreds digit of 1783?
7
What is the units digit of 66892?
2
What is the units digit of 7443?
3
What is the hundreds digit of 138?
1
What is the units digit of 1845?
5
What is the hundreds digit of 23594?
5
What is the hundreds digit of 975?
9
What is the tens digit of 1102?
0
What is the units digit of 42?
2
What is the tens digit of 51003?
0
What is the units digit of 9772?
2
What is the thousands digit of 1384?
1
What is the ten thousands digit of 13354?
1
What is the units digit of 968?
8
What is the units digit of 2491?
1
What is the thousands digit of 3966?
3
What is the units digit of 55932?
2
What is the tens digit of 32538?
3
What is the thousands digit of 1142?
1
What is the tens digit of 614?
1
What is the hundred thousands digit of 132481?
1
What is the tens digit of 8574?
7
What is the hundreds digit of 879?
8
What is the units digit of 6907?
7
What is the tens digit of 24196?
9
What is the ten thousands digit of 85360?
8
What is the units digit of 2318?
8
What is the units digit of 311?
1
What is the tens digit of 7394?
9
What is the tens digit of 3896?
9
What is the hundreds digit of 67272?
2
What is the hundreds digit of 558?
5
What is the tens digit of 1005?
0
What is the hundreds digit of 2711?
7
What is the thousands digit of 3236?
3
What is the thousands digit of 3891?
3
What is the hundreds digit of 2613?
6
What is the hundred thousands digit of 133038?
1
What is the thousands digit of 8787?
8
What is the thousands digit of 1563?
1
What is the tens digit of 318?
1
What is the tens digit of 29063?
6
What is the units digit of 8429?
9
What is the thousands digit of 42245?
2
What is the units digit of 13882?
2
What is the hundreds digit of 77267?
2
What is the units digit of 106?
6
What is the hundreds digit of 6299?
2
What is the units digit of 3083?
3
What is the hundreds digit of 1357?
3
What is the tens digit of 2319?
1
What is the units digit of 509?
9
What is the hundreds digit of 690?
6
What is the units digit of 1978?
8
What is the hundreds digit of 89606?
6
What is the hundreds digit of 153?
1
What is the hundreds digit of 1969?
9
What is the tens digit of 1573?
7
What is the thousands digit of 2515?
2
What is the thousands digit of 1056?
1
What is the ten thousands digit of 109271?
0
What is the thousands digit of 8957?
8
What is the hundreds digit of 24587?
5
What is the tens digit of 541?
4
What is the hundreds digit of 30818?
8
What is the tens digit of 38503?
0
What is the units digit of 4789?
9
What is the tens digit of 5568?
6
What is the tens digit of 685?
8
What is the units digit of 5299?
9
What is the units digit of 6447?
7
What is the thousands digit of 11894?
1
What is the thousands digit of 18180?
8
What is the hundreds digit of 6659?
6
What is the units digit of 186?
6
What is the units digit of 4357?
7
What is the units digit of 542?
2
What is the thousands digit of 3369?
3
What is the units digit of 768?
8
What is the thousands digit of 103499?
3
What is the units digit of 6460?
0
What is the hundreds digit of 27970?
9
What is the hundreds digit of 11227?
2
What is the units digit of 8901?
1
What is the hundreds digit of 2139?
1
What is the thousands digit of 15446?
5
What is the tens digit of 6774?
7
What is the thousands digit of 25608?
5
What is the tens digit of 5170?
7
What is the hundreds digit of 2276?
2
What is the tens digit of 13837?
3
What is the thousands digit of 1426?
1
What is the hundreds digit of 1015?
0
What is the tens digit of 26526?
2
What is the units digit of 3092?
2
What is the thousands digit of 6467?
6
What is the hundreds digit of 1683?
6
What is the thousands digit of 10622?
0
What is the thousands digit of 44990?
4
What is the thousands digit of 3868?
3
What is the hundreds digit of 111512?
5
What is the units digit of 11994?
4
What is the hundreds digit of 22239?
2
What is the units digit of 1367?
7
What is the units digit of 922?
2
What is the thousands digit of 13635?
3
What is the units digit of 2018?
8
What is the thousands digit of 10720?
0
What is the hundreds digit of 739?
7
What is the thousands digit of 76091?
6
What is the units digit of 62584?
4
What is the units digit of 13085?
5
What is the thousands digit of 33087?
3
What is the thousands digit of 15841?
5
What is the hundreds digit of 454?
4
What is the tens digit of 206?
0
What is the hundreds digit of 9163?
1
What is the hundreds digit of 1166?
1
What is the hundreds digit of 37593?
5
What is the tens digit of 11301?
0
What is the units digit of 444?
4
What is the hundreds digit of 3330?
3
What is the hundreds digit of 57347?
3
What is the tens digit of 9149?
4
What is the thousands digit of 2010?
2
What is the tens digit of 7630?
3
What is the hundreds digit of 2296?
2
What is the units digit of 176?
6
What is the hundreds digit of 1397?
3
What is the units digit of 1192?
2
What is the tens digit of 166078?
7
What is the thousands digit of 81072?
1
What is the hundreds digit of 1846?
8
What is the hundreds digit of 643?
6
What is the hundreds digit of 1409?
4
What is the tens digit of 39930?
3
What is the tens digit of 1970?
7
What is the thousands digit of 8202?
8
What is the hundreds digit of 1376?
3
What is the units digit of 42444?
4
What is the thousands digit of 4421?
4
What is the units digit of 38100?
0
What is the tens digit of 8867?
6
What is the tens digit of 5097?
9
What is the hundreds digit of 15542?
5
What is the tens digit of 74175?
7
What is the units digit of 83897?
7
What is the tens digit of 42281?
8
What is the hundreds digit of 6715?
7
What is the hundreds digit of 2158?
1
What is the hundreds digit of 224?
2
What is the thousands digit of 61445?
1
What is the tens digit of 389?
8
What is the hundreds digit of 4514?
5
What is the units digit of 3458?
8
What is the thousands digit of 51353?
1
What is the ten thousands digit of 53619?
5
What is the tens digit of 219?
1
What is the hundreds digit of 35467?
4
What is the hundreds digit of 8542?
5
What is the units digit of 2849?
9
What is the tens digit of 49006?
0
What is the hundreds digit of 24860?
8
What is the thousands digit of 3262?
3
What is the hundreds digit of 65021?
0
What is the hundreds digit of 42875?
8
What is the ten thousands digit of 12311?
1
What is the hundreds digit of 65156?
1
What is the hundred thousands digit of 167542?
1
What is the thousands digit of 10500?
0
What is the thousands digit of 11393?
1
What is the units digit of 12197?
7
What is the thousands digit of 101878?
1
What is the tens digit of 3495?
9
What is the hundreds digit of 15527?
5
What is the units digit of 801?
1
What is the tens digit of 930?
3
What is the tens digit of 7727?
2
What is the tens digit of 559?
5
What is the tens digit of 7350?
5
What is the hundreds digit of 2407?
4
What is the units digit of 1238?
8
What is the ten thousands digit of 17273?
1
What is the hundreds digi